ose k - 3 = 2*k. Let i be (-2)/6 + 2/k. Let m be ((-3)/4)/(i/204). What is the highest common divisor of 17 and m?
17
Let m(u) = u - 1. Let y(n) = -n**2 + 4*n - 1. Let b be y(4). Let r be m(b). Let f be -80*(-1)/(-4)*r. What is the highest common divisor of 5 and f?
5
Suppose 0 = -2*g - 34 + 136. Suppose -5*o + 21 - g = 0. Let t = -3 - o. What is the greatest common divisor of t and 9?
3
Let k be ((-68)/(-2))/(6/3). Let s = 82 + k. What is the greatest common factor of s and 9?
9
Let s(w) = 2*w**2 + 7*w - 6. Let j be -9 - (-1)/(1/1). Let f be s(j). Suppose 5*m = 3*g - 8, m - 14 = -5*g + 3*g. What is the highest common divisor of f and g?
6
Suppose -3*f + 5*p = 4*p, 4*f - 16 = -4*p. Let r be 3 + 1/(2 - f). Suppose 3*w = -1 + r. What is the greatest common factor of 11 and w?
1
Let q = 42 - 40. What is the highest common divisor of q and 2?
2
Let v(b) = -3*b - 7. Let z be v(-4). Calculate the greatest common divisor of z and 15.
5
Let g be 63 + 1/((-5)/20). Calculate the greatest common factor of 413 and g.
59
Let l be 1/(-2)*(4 + -2). Let v be 6*l*(1 + -2). Let m = 10 + -4. Calculate the highest common factor of m and v.
6
Let z(m) = -m. Suppose 0*s + 3*s = 0. Let d be z(s). Suppose d*l = -4*l - 5*b + 389, 484 = 5*l + 4*b. What is the highest common factor of l and 12?
12
Let m(z) = 2*z. Let f be m(4). Let u(g) = -4*g + 2. Let o be u(-6). Suppose -94 - o = -5*q. Calculate the greatest common factor of q and f.
8
Let b be (-1)/3*-3 + -1. Suppose b = 3*g - 1 - 11. Calculate the greatest common factor of 2 and g.
2
Let t = 140 - 65. Suppose -2*u + 7*u = t. Let l be 2/10 - ((-10728)/(-40))/(-9). What is the greatest common factor of u and l?
15
Suppose -3*i = -63 + 9. Calculate the greatest common divisor of 9 and i.
9
Suppose 0 = 6*y + 3*y - 144. Calculate the highest common divisor of y and 128.
16
Let k be 147/(-6) - (-5)/10. Let p = k - -40. Calculate the highest common factor of 8 and p.
8
Suppose -5*s + 156 = -0*a + 4*a, a = 5*s + 39. Let y be ((-4)/8)/(4/(-104)). Calculate the highest common factor of a and y.
13
Let z = 21 - 6. What is the greatest common divisor of 105 and z?
15
Let i be (-4)/3*18/(-12). Suppose -16 = -2*f - i*f + 4*l, 2*f = -2*l - 12. Let h be (-3 + f)*(-15)/10. What is the highest common divisor of 6 and h?
6
Suppose 61 = r + 215. Let m = -42 - r. Calculate the highest common factor of m and 14.
14
Suppose 5*c - 4*k = 32, -2*c - 2*c - 4*k = -4. Let o(f) = f**3 - f**2 - 3*f - 4. Let x be o(4). What is the greatest common divisor of c and x?
4
Let v(q) = q**2 - 8*q + 3. Let i be v(8). Let j(b) = b**2 + 2*b**2 - i*b + b**2. Let p be j(2). What is the greatest common divisor of 110 and p?
10
Let u be 10/(-45) + 2/9. Suppose u = -0*q - 3*q + 48. Let s be 12/(1 + (-5)/8). Calculate the highest common divisor of q and s.
16
Let f = 30 - -91. Suppose t + 33 = f. Let w = 14 - 6. Calculate the highest common divisor of t and w.
8
Let b(s) = 3 + 2*s - 4 + 19*s**3 + 106*s**3. Let o be b(1). Calculate the highest common factor of 14 and o.
14
Suppose p - 162 = -8*p. What is the highest common factor of p and 144?
18
Let g(o) = -o**3 + 4*o**2 - 9*o - 5. Let t be g(8). Let h = -238 - t. Calculate the highest common factor of h and 38.
19
Let s(n) = -8*n - 8. Let x be s(-5). Suppose 0 = -4*j + 19 - 3. Suppose -j*k = k - 400. Calculate the highest common factor of x and k.
16
Suppose o + 4 = -3*l - 1, -15 = 3*o. Suppose l = -3*j + j + r + 75, 3*r - 175 = -4*j. Let k = 9 + 1. Calculate the highest common factor of k and j.
10
Suppose 3*p - 2*k - 382 + 44 = 0, p - 98 = -3*k. What is the highest common factor of p and 10?
10
Let s(n) = 5*n**2 - n - 10. Let i be s(-5). What is the highest common factor of 12 and i?
12
Suppose -2*s - 16 = -2*i, -s - 3 + 20 = 4*i. What is the highest common factor of 5 and i?
5
Let u = 17 + -35. Let h be 9/u - 23/(-2). Calculate the highest common factor of 99 and h.
11
Let g(m) = -5*m + 1. Let k be g(1). Let w be (k - -2) + (11 - 3). What is the highest common factor of 2 and w?
2
Let y = 472 - 238. Suppose 2*k = -2*k + 104. Calculate the highest common divisor of y and k.
26
Let t be (-5)/(-3)*(6 + -3). Suppose 2*u - t = 9. What is the highest common factor of 63 and u?
7
Let i = -33 + 102. Calculate the greatest common factor of 23 and i.
23
Suppose 4*m - 20 - 20 = 0. Let f = -87 + 177. Calculate the highest common divisor of f and m.
10
Suppose -941 = -5*h + 3*r, 5*h - 7*r = -2*r + 945. Calculate the highest common factor of 11 and h.
11
Let b be (4/10)/(18/1305). Calculate the highest common divisor of 319 and b.
29
Suppose 0 = -4*l - 3*u + 180, -134 = l - 4*l - 2*u. Let t be (6/(-4))/(3/(-28)). Calculate the highest common divisor of t and l.
14
Suppose -5 = -c - 1. Suppose 0 = c*p - p. Suppose p = -g + 5. What is the highest common divisor of g and 5?
5
Let v be 2/6*(26 + 4). Calculate the greatest common factor of v and 10.
10
Let c be (-18)/8*(-16)/6. Suppose -48 = -d - 3*d. What is the greatest common factor of c and d?
6
Suppose -4*h + 3*h + 102 = -4*p, 3*p - 81 = -h. What is the greatest common divisor of 10 and h?
10
Let h be -2 + -3*1 + 2. Let x(l) = l**2 + 2. Let c be x(h). Suppose m = -137 + 214. What is the greatest common factor of m and c?
11
Suppose 4*o - 3 = 5. Let f be (-1)/5 - 52/(-10). What is the greatest common factor of f and o?
1
Suppose 3*l = -4*n + 140, -3*l - 72 = -5*n + 103. Calculate the highest common factor of 35 and n.
35
Suppose -a + 20 = 4*r + a, 4*r - 2*a - 36 = 0. Let c(w) = -w - 3*w - r*w - 1 - 2*w. Let i be c(-1). What is the highest common factor of i and 36?
12
Suppose v + 2*n - 16 = -n, 0 = -3*n. Calculate the highest common factor of v and 64.
16
Let r(p) = -p + 17. Let o be r(9). What is the highest common factor of o and 72?
8
Let u(j) = -j**3 - 4*j**2 + 8*j + 6. Let p be u(-6). Let l(c) = -c + 8. Let b be l(0). Let f = b + 7. What is the highest common divisor of f and p?
15
Let t(y) = 3*y**2 - 15*y + 6. Let x be t(7). What is the greatest common factor of x and 32?
16
Let j = 3 - 1. Suppose j + 5 = x. What is the greatest common divisor of x and 35?
7
Let s(x) = -x**3 + 5*x**2 + 5*x + 3. Let w be s(-3). Calculate the highest common factor of 15 and w.
15
Let z be -10*(2 - 21/6). Let j be 6/(-27) - 548/(-36). Calculate the highest common factor of j and z.
15
Let f(x) = -6*x - 2*x + 5*x - 9*x. Let i be f(-1). Calculate the highest common factor of i and 4.
4
Let n = 105 - -39. Suppose -3*k + n = -k. Calculate the highest common divisor of k and 8.
8
Let j = -7 + 11. Let v(z) = -2 + 0*z + 9 - 1 - j*z. Let a be v(-12). What is the greatest common divisor of 6 and a?
6
Let b be (-18)/22 - 4/22. Let v be b + (-3 - 3/(-3)). Let d be 3 - (-4 - v - -1). Calculate the highest common factor of d and 12.
3
Suppose -134 + 54 = -4*h. Calculate the highest common factor of h and 160.
20
Let h(m) = 3*m - 15. Let d be h(13). Let t be (-82)/(-7) - 4/(-14). Calculate the greatest common divisor of d and t.
12
Let r(z) = z - 6. Let q be r(12). Let t = 7 + -22. Let o be (q/5)/((-2)/t). Calculate the highest common factor of o and 9.
9
Let o(l) = 3*l**3 - 2*l**2 + l - 2. Let t be o(3). Let k = 3 - 1. Suppose g + t = k*q, -5*g + 31 = -4*q + 171. What is the greatest common factor of 5 and q?
5
Let c = -18 + 57. What is the greatest common divisor of 156 and c?
39
Let c(w) = -w**3 + 7*w**2 + 21*w - 5. Let h be c(9). What is the greatest common divisor of 88 and h?
22
Let t(q) = -12*q - 6. Let b be t(-4). Suppose 0 = 2*k + 10, 4*k + 27 = r - 5. Let x = -6 + r. What is the greatest common factor of x and b?
6
Let a(s) = -s + 11. Let v be a(8). Let z be (1 + -4)/((-3)/2). What is the highest common divisor of v and z?
1
Let p(g) = -263*g + 4. Let t be p(-2). Suppose u = -4*d + d + 125, -4*d = -5*u + t. What is the highest common factor of u and 10?
10
Let u(v) be the first derivative of -v**4/4 + v**3 + 3*v**2 - 4*v + 2. Let k be u(4). Let l be 2/(2 - 6/k). Calculate the greatest common factor of l and 6.
2
Let k be (-49 - 1)/(4 - 6). Let i be ((-50)/1)/(1 - 2). Calculate the greatest common factor of i and k.
25
Suppose -2*v - 2*v + 44 = 0. Let b = 1 - -2. Let n be b/6*-2*-55. What is the greatest common divisor of n and v?
11
Let b be (12/(-8))/(2/(-8)). Let p = b + -4. Calculate